{"id":353,"date":"2015-03-25T12:23:03","date_gmt":"2015-03-25T11:23:03","guid":{"rendered":"http:\/\/schule-am-eichtalpark.schulhomepages.hamburg.de\/?page_id=353"},"modified":"2017-08-21T18:28:47","modified_gmt":"2017-08-21T16:28:47","slug":"vorschule","status":"publish","type":"page","link":"https:\/\/schule-am-eichtalpark.hamburg.de\/?page_id=353","title":{"rendered":"Vorschule"},"content":{"rendered":"<p><a href=\"https:\/\/schule-am-eichtalpark.hamburg.de\/wp-content\/uploads\/sites\/171\/2015\/06\/IMG_20140611_121017.jpg\" data-rel=\"lightbox\" data-rl_title=\"\" data-rl_caption=\"\" title=\"\"><img loading=\"lazy\" decoding=\"async\" class=\" size-medium wp-image-361 alignleft\" src=\"https:\/\/schule-am-eichtalpark.hamburg.de\/wp-content\/uploads\/sites\/171\/2015\/06\/IMG_20140611_121017-300x225.jpg\" alt=\"IMG_20140611_121017\" width=\"300\" height=\"225\" srcset=\"https:\/\/schule-am-eichtalpark.hamburg.de\/wp-content\/uploads\/sites\/171\/2015\/06\/IMG_20140611_121017-300x225.jpg 300w, https:\/\/schule-am-eichtalpark.hamburg.de\/wp-content\/uploads\/sites\/171\/2015\/06\/IMG_20140611_121017-1024x768.jpg 1024w, https:\/\/schule-am-eichtalpark.hamburg.de\/wp-content\/uploads\/sites\/171\/2015\/06\/IMG_20140611_121017.jpg 2048w\" sizes=\"auto, (max-width: 300px) 100vw, 300px\" \/><\/a>Die Vorschulklassen befinden sich in der \u201eInsel\u201c. Hier bereiten sich die Vorschulkl\u00e4ssler auf den spannenden Schulanfang vor und erwerben grundlegende Kenntnisse und F\u00e4higkeiten f\u00fcr einen guten Start in die 1. Klasse.<\/p>\n<p>&nbsp;<\/p>\n<p>&nbsp;<\/p>\n<p>&nbsp;<\/p>\n<p><!--more--><\/p>\n<p>Die Klassenr\u00e4ume sind von den Lehrpersonen liebevoll eingerichtet und bieten den Kindern vielf\u00e4ltige Spiel- und Lernarrangements.<\/p>\n<div id='gallery-1' class='gallery galleryid-353 gallery-columns-5 gallery-size-thumbnail'><figure class='gallery-item'>\n\t\t\t<div class='gallery-icon landscape'>\n\t\t\t\t<a href='https:\/\/schule-am-eichtalpark.hamburg.de\/wp-content\/uploads\/sites\/171\/2015\/06\/DSC_7628-1024x687.jpg' title=\"DSC_7628\" data-rl_title=\"DSC_7628\" class=\"rl-gallery-link\" data-rl_caption=\"\" data-rel=\"lightbox-gallery-1\"><img loading=\"lazy\" decoding=\"async\" width=\"150\" height=\"150\" src=\"https:\/\/schule-am-eichtalpark.hamburg.de\/wp-content\/uploads\/sites\/171\/2015\/06\/DSC_7628-150x150.jpg\" class=\"attachment-thumbnail size-thumbnail\" alt=\"\" srcset=\"https:\/\/schule-am-eichtalpark.hamburg.de\/wp-content\/uploads\/sites\/171\/2015\/06\/DSC_7628-150x150.jpg 150w, https:\/\/schule-am-eichtalpark.hamburg.de\/wp-content\/uploads\/sites\/171\/2015\/06\/DSC_7628-60x60.jpg 60w\" sizes=\"auto, (max-width: 150px) 100vw, 150px\" \/><\/a>\n\t\t\t<\/div><\/figure><figure class='gallery-item'>\n\t\t\t<div class='gallery-icon landscape'>\n\t\t\t\t<a href='https:\/\/schule-am-eichtalpark.hamburg.de\/wp-content\/uploads\/sites\/171\/2015\/06\/DSC_7634-1024x687.jpg' title=\"DSC_7634\" data-rl_title=\"DSC_7634\" class=\"rl-gallery-link\" data-rl_caption=\"\" data-rel=\"lightbox-gallery-1\"><img loading=\"lazy\" decoding=\"async\" width=\"150\" height=\"150\" src=\"https:\/\/schule-am-eichtalpark.hamburg.de\/wp-content\/uploads\/sites\/171\/2015\/06\/DSC_7634-150x150.jpg\" class=\"attachment-thumbnail size-thumbnail\" alt=\"\" srcset=\"https:\/\/schule-am-eichtalpark.hamburg.de\/wp-content\/uploads\/sites\/171\/2015\/06\/DSC_7634-150x150.jpg 150w, https:\/\/schule-am-eichtalpark.hamburg.de\/wp-content\/uploads\/sites\/171\/2015\/06\/DSC_7634-60x60.jpg 60w\" sizes=\"auto, (max-width: 150px) 100vw, 150px\" \/><\/a>\n\t\t\t<\/div><\/figure><figure class='gallery-item'>\n\t\t\t<div class='gallery-icon landscape'>\n\t\t\t\t<a href='https:\/\/schule-am-eichtalpark.hamburg.de\/wp-content\/uploads\/sites\/171\/2015\/06\/DSC_7632-1024x687.jpg' title=\"DSC_7632\" data-rl_title=\"DSC_7632\" class=\"rl-gallery-link\" data-rl_caption=\"\" data-rel=\"lightbox-gallery-1\"><img loading=\"lazy\" decoding=\"async\" width=\"150\" height=\"150\" src=\"https:\/\/schule-am-eichtalpark.hamburg.de\/wp-content\/uploads\/sites\/171\/2015\/06\/DSC_7632-150x150.jpg\" class=\"attachment-thumbnail size-thumbnail\" alt=\"\" srcset=\"https:\/\/schule-am-eichtalpark.hamburg.de\/wp-content\/uploads\/sites\/171\/2015\/06\/DSC_7632-150x150.jpg 150w, https:\/\/schule-am-eichtalpark.hamburg.de\/wp-content\/uploads\/sites\/171\/2015\/06\/DSC_7632-60x60.jpg 60w\" sizes=\"auto, (max-width: 150px) 100vw, 150px\" \/><\/a>\n\t\t\t<\/div><\/figure>\n\t\t<\/div>\n\n<h3>Was bedeutet Vorschularbeit?<\/h3>\n<ul>\n<li>Wir bereiten die Kinder ganzheitlich auf den Schulanfang vor.<\/li>\n<li>Wir f\u00f6rdern die Sinneswahrnehmung durch zahlreiche Angebote.<\/li>\n<li>Wir f\u00f6rdern Ausdauer und Geduld.<\/li>\n<li>Die Feinmotorik wird geschult (malen, schreiben, kleben, schneiden).<\/li>\n<li>Die Formvorstellung wird entwickelt.<\/li>\n<li>Ihr Kind lernt genau zuzuh\u00f6ren und sich zu melden.<\/li>\n<li>Ihr Kind lernt, sich intensiver mit einer Sache zu besch\u00e4ftigen.<\/li>\n<li>Wir f\u00f6rdern das Selbstwertgef\u00fchl und das Selbstbewusstsein der Kinder.<\/li>\n<li>Ihr Kind lernt soziale Beziehungen einzugehen.<\/li>\n<li>Ihr Kind lernt Verantwortung zu \u00fcbernehmen.<\/li>\n<li>Ihr Kind lernt, nicht immer der Erste sein zu wollen.<\/li>\n<\/ul>\n<p><strong>In der Vorschule m\u00f6chten wir jedes Kind individuell nach seiner F\u00e4higkeit f\u00f6rdern und das Wohlbefinden jedes Kindes unterst\u00fctzen, damit es offen f\u00fcr \u201eNeues Lernen\u201c und \u201e Neue Erfahrungen\u201c wird.<\/strong><\/p>\n<h3>Unsere Angebote<\/h3>\n<ul>\n<li>Vor\u00fcbungen zum Lesen und Schreiben, Begegnung mit Literatur, Sprech-und Gespr\u00e4chsformen<\/li>\n<li>Einf\u00fchrung in mathematisches Denken<\/li>\n<li>Spielerischer Umgang mit der englischen Sprache<\/li>\n<li>Musik, Rhythmik und Tanz<\/li>\n<li>Kunst und Werken<\/li>\n<li>Sinneserfahrungen mit Wasser ,Sand, Knete, Bilder, Naturmaterialien etc.<\/li>\n<li>Bewegungsangebote und Entspannungs\u00fcbungen<\/li>\n<li>Verkehrserziehung<\/li>\n<li>Projektorientiertes Arbeiten z.B.\u201c Die kleine Raupe Nimmersatt\u201c, \u201e A wie Apfel\u201c, \u201e Alles \u00fcber mich\u201c<\/li>\n<li>Ausfl\u00fcge zum Umweltzentrum, ins Theater, zum \u201eWildpark Schwarze Berge\u201c usw.<\/li>\n<\/ul>\n<div id='gallery-2' class='gallery galleryid-353 gallery-columns-5 gallery-size-thumbnail'><figure class='gallery-item'>\n\t\t\t<div class='gallery-icon landscape'>\n\t\t\t\t<a href='https:\/\/schule-am-eichtalpark.hamburg.de\/wp-content\/uploads\/sites\/171\/2015\/06\/IMG_20140620_091934-1024x768.jpg' title=\"IMG_20140620_091934\" data-rl_title=\"IMG_20140620_091934\" class=\"rl-gallery-link\" data-rl_caption=\"\" data-rel=\"lightbox-gallery-2\"><img loading=\"lazy\" decoding=\"async\" width=\"150\" height=\"150\" src=\"https:\/\/schule-am-eichtalpark.hamburg.de\/wp-content\/uploads\/sites\/171\/2015\/06\/IMG_20140620_091934-150x150.jpg\" class=\"attachment-thumbnail size-thumbnail\" alt=\"\" srcset=\"https:\/\/schule-am-eichtalpark.hamburg.de\/wp-content\/uploads\/sites\/171\/2015\/06\/IMG_20140620_091934-150x150.jpg 150w, https:\/\/schule-am-eichtalpark.hamburg.de\/wp-content\/uploads\/sites\/171\/2015\/06\/IMG_20140620_091934-60x60.jpg 60w\" sizes=\"auto, (max-width: 150px) 100vw, 150px\" \/><\/a>\n\t\t\t<\/div><\/figure><figure class='gallery-item'>\n\t\t\t<div class='gallery-icon landscape'>\n\t\t\t\t<a href='https:\/\/schule-am-eichtalpark.hamburg.de\/wp-content\/uploads\/sites\/171\/2015\/06\/IMG_20140611_121017-1024x768.jpg' title=\"IMG_20140611_121017\" data-rl_title=\"IMG_20140611_121017\" class=\"rl-gallery-link\" data-rl_caption=\"\" data-rel=\"lightbox-gallery-2\"><img loading=\"lazy\" decoding=\"async\" width=\"150\" height=\"150\" src=\"https:\/\/schule-am-eichtalpark.hamburg.de\/wp-content\/uploads\/sites\/171\/2015\/06\/IMG_20140611_121017-150x150.jpg\" class=\"attachment-thumbnail size-thumbnail\" alt=\"\" srcset=\"https:\/\/schule-am-eichtalpark.hamburg.de\/wp-content\/uploads\/sites\/171\/2015\/06\/IMG_20140611_121017-150x150.jpg 150w, https:\/\/schule-am-eichtalpark.hamburg.de\/wp-content\/uploads\/sites\/171\/2015\/06\/IMG_20140611_121017-60x60.jpg 60w\" sizes=\"auto, (max-width: 150px) 100vw, 150px\" \/><\/a>\n\t\t\t<\/div><\/figure><figure class='gallery-item'>\n\t\t\t<div class='gallery-icon landscape'>\n\t\t\t\t<a href='https:\/\/schule-am-eichtalpark.hamburg.de\/wp-content\/uploads\/sites\/171\/2015\/06\/IMG_20140611_110626-1024x768.jpg' title=\"IMG_20140611_110626\" data-rl_title=\"IMG_20140611_110626\" class=\"rl-gallery-link\" data-rl_caption=\"\" data-rel=\"lightbox-gallery-2\"><img loading=\"lazy\" decoding=\"async\" width=\"150\" height=\"150\" src=\"https:\/\/schule-am-eichtalpark.hamburg.de\/wp-content\/uploads\/sites\/171\/2015\/06\/IMG_20140611_110626-150x150.jpg\" class=\"attachment-thumbnail size-thumbnail\" alt=\"\" srcset=\"https:\/\/schule-am-eichtalpark.hamburg.de\/wp-content\/uploads\/sites\/171\/2015\/06\/IMG_20140611_110626-150x150.jpg 150w, https:\/\/schule-am-eichtalpark.hamburg.de\/wp-content\/uploads\/sites\/171\/2015\/06\/IMG_20140611_110626-60x60.jpg 60w\" sizes=\"auto, (max-width: 150px) 100vw, 150px\" \/><\/a>\n\t\t\t<\/div><\/figure><figure class='gallery-item'>\n\t\t\t<div class='gallery-icon landscape'>\n\t\t\t\t<a href='https:\/\/schule-am-eichtalpark.hamburg.de\/wp-content\/uploads\/sites\/171\/2015\/06\/IMG_20131017_111313-1024x768.jpg' title=\"IMG_20131017_111313\" data-rl_title=\"IMG_20131017_111313\" class=\"rl-gallery-link\" data-rl_caption=\"\" data-rel=\"lightbox-gallery-2\"><img loading=\"lazy\" decoding=\"async\" width=\"150\" height=\"150\" src=\"https:\/\/schule-am-eichtalpark.hamburg.de\/wp-content\/uploads\/sites\/171\/2015\/06\/IMG_20131017_111313-150x150.jpg\" class=\"attachment-thumbnail size-thumbnail\" alt=\"\" srcset=\"https:\/\/schule-am-eichtalpark.hamburg.de\/wp-content\/uploads\/sites\/171\/2015\/06\/IMG_20131017_111313-150x150.jpg 150w, https:\/\/schule-am-eichtalpark.hamburg.de\/wp-content\/uploads\/sites\/171\/2015\/06\/IMG_20131017_111313-60x60.jpg 60w\" sizes=\"auto, (max-width: 150px) 100vw, 150px\" \/><\/a>\n\t\t\t<\/div><\/figure><figure class='gallery-item'>\n\t\t\t<div class='gallery-icon landscape'>\n\t\t\t\t<a href='https:\/\/schule-am-eichtalpark.hamburg.de\/wp-content\/uploads\/sites\/171\/2015\/06\/IMG_20130905_083216-1024x768.jpg' title=\"IMG_20130905_083216\" data-rl_title=\"IMG_20130905_083216\" class=\"rl-gallery-link\" data-rl_caption=\"\" data-rel=\"lightbox-gallery-2\"><img loading=\"lazy\" decoding=\"async\" width=\"150\" height=\"150\" src=\"https:\/\/schule-am-eichtalpark.hamburg.de\/wp-content\/uploads\/sites\/171\/2015\/06\/IMG_20130905_083216-150x150.jpg\" class=\"attachment-thumbnail size-thumbnail\" alt=\"\" srcset=\"https:\/\/schule-am-eichtalpark.hamburg.de\/wp-content\/uploads\/sites\/171\/2015\/06\/IMG_20130905_083216-150x150.jpg 150w, https:\/\/schule-am-eichtalpark.hamburg.de\/wp-content\/uploads\/sites\/171\/2015\/06\/IMG_20130905_083216-60x60.jpg 60w\" sizes=\"auto, (max-width: 150px) 100vw, 150px\" \/><\/a>\n\t\t\t<\/div><\/figure>\n\t\t<\/div>\n\n<p>&nbsp;<\/p>\n","protected":false},"excerpt":{"rendered":"<p>Die Vorschulklassen befinden sich in der \u201eInsel\u201c. Hier bereiten sich die Vorschulkl\u00e4ssler auf den spannenden Schulanfang vor und erwerben grundlegende Kenntnisse und F\u00e4higkeiten f\u00fcr einen guten Start in die 1. Klasse. &nbsp; &nbsp; &nbsp;<\/p>\n","protected":false},"author":276,"featured_media":0,"parent":11,"menu_order":4,"comment_status":"closed","ping_status":"closed","template":"","meta":{"_acf_changed":false,"footnotes":""},"class_list":["post-353","page","type-page","status-publish","hentry"],"acf":[],"_links":{"self":[{"href":"https:\/\/schule-am-eichtalpark.hamburg.de\/index.php?rest_route=\/wp\/v2\/pages\/353","targetHints":{"allow":["GET"]}}],"collection":[{"href":"https:\/\/schule-am-eichtalpark.hamburg.de\/index.php?rest_route=\/wp\/v2\/pages"}],"about":[{"href":"https:\/\/schule-am-eichtalpark.hamburg.de\/index.php?rest_route=\/wp\/v2\/types\/page"}],"author":[{"embeddable":true,"href":"https:\/\/schule-am-eichtalpark.hamburg.de\/index.php?rest_route=\/wp\/v2\/users\/276"}],"replies":[{"embeddable":true,"href":"https:\/\/schule-am-eichtalpark.hamburg.de\/index.php?rest_route=%2Fwp%2Fv2%2Fcomments&post=353"}],"version-history":[{"count":2,"href":"https:\/\/schule-am-eichtalpark.hamburg.de\/index.php?rest_route=\/wp\/v2\/pages\/353\/revisions"}],"predecessor-version":[{"id":1230,"href":"https:\/\/schule-am-eichtalpark.hamburg.de\/index.php?rest_route=\/wp\/v2\/pages\/353\/revisions\/1230"}],"up":[{"embeddable":true,"href":"https:\/\/schule-am-eichtalpark.hamburg.de\/index.php?rest_route=\/wp\/v2\/pages\/11"}],"wp:attachment":[{"href":"https:\/\/schule-am-eichtalpark.hamburg.de\/index.php?rest_route=%2Fwp%2Fv2%2Fmedia&parent=353"}],"curies":[{"name":"wp","href":"https:\/\/api.w.org\/{rel}","templated":true}]}}