{"id":2275,"date":"2023-05-11T20:01:17","date_gmt":"2023-05-11T18:01:17","guid":{"rendered":"https:\/\/schule-am-eichtalpark.hamburg.de\/?page_id=2275"},"modified":"2026-02-26T17:45:54","modified_gmt":"2026-02-26T16:45:54","slug":"aktuelle-information","status":"publish","type":"page","link":"https:\/\/schule-am-eichtalpark.hamburg.de\/?page_id=2275","title":{"rendered":"Aktuelle Informationen"},"content":{"rendered":"<p>&nbsp;<\/p>\n<h1 style=\"text-align: center\"><span style=\"color: #993300\">Anmeldung Ganztag<\/span><\/h1>\n<h1 style=\"text-align: center\"><span style=\"color: #993300\"> Schuljahr 2026\/2027<\/span><\/h1>\n<p><img loading=\"lazy\" decoding=\"async\" class=\"alignnone wp-image-3383 size-full\" src=\"https:\/\/schule-am-eichtalpark.hamburg.de\/wp-content\/uploads\/sites\/171\/2026\/02\/Elternbrief-2-4.jpg\" alt=\"\" width=\"724\" height=\"1024\" srcset=\"https:\/\/schule-am-eichtalpark.hamburg.de\/wp-content\/uploads\/sites\/171\/2026\/02\/Elternbrief-2-4.jpg 724w, https:\/\/schule-am-eichtalpark.hamburg.de\/wp-content\/uploads\/sites\/171\/2026\/02\/Elternbrief-2-4-212x300.jpg 212w\" sizes=\"auto, (max-width: 724px) 100vw, 724px\" \/><\/p>\n<p style=\"text-align: center\"><strong>Der Weg zum kostenlosen hvv Deutschlandticket f\u00fcr Sch\u00fclerinnen und Sch\u00fcler.<\/strong><\/p>\n<p><strong>Wichtig zu wissen:<\/strong><br \/>\n\u26ab Das Kind ist mind. 6 Jahre alt und wohnt in Hamburg.<br \/>\n\u26ab Eltern bestellen f\u00fcr ihr Kind.<br \/>\n\u26ab Die Bestellung ist nur online m\u00f6glich.<br \/>\n\u26ab Das Ticket gibt es ausschlie\u00dflich auf der<br \/>\nhvv Chipkarte.<br \/>\n\u26ab Tipp: Das Ticket kann schon vor der Einschulung<br \/>\ngenutzt werden.<\/p>\n<p>Jetzt bestellen:<br \/>\nAlle Infos unter<br \/>\n<strong>hvv.de\/schule-hh<\/strong><\/p>\n<p><strong>Kinder unter 6 Jahren fahren im hvv kostenlos. Es wird kein Ticket ben\u00f6tigt.<\/strong><br \/>\n<strong>Kinder mit Wohnort in Schleswig-Holstein: Tickets unter hvv.de\/schule-sh<\/strong><br \/>\n<strong>Kinder mit Wohnort in Niedersachsen: Tickets unter hvv.de\/schule-ns<\/strong><\/p>\n<p><strong> <a href=\"https:\/\/schule-am-eichtalpark.hamburg.de\/wp-content\/uploads\/sites\/171\/2025\/07\/Screenshot-2025-07-08-at-21-40-26-250627_DT_OnePager_A4_quer_RZ.pdf.png\" data-rel=\"lightbox\" data-rl_title=\"\" data-rl_caption=\"\" title=\"\"><img loading=\"lazy\" decoding=\"async\" class=\"alignnone wp-image-3219\" src=\"https:\/\/schule-am-eichtalpark.hamburg.de\/wp-content\/uploads\/sites\/171\/2025\/07\/Screenshot-2025-07-08-at-21-40-26-250627_DT_OnePager_A4_quer_RZ.pdf-300x213.png\" alt=\"\" width=\"490\" height=\"348\" srcset=\"https:\/\/schule-am-eichtalpark.hamburg.de\/wp-content\/uploads\/sites\/171\/2025\/07\/Screenshot-2025-07-08-at-21-40-26-250627_DT_OnePager_A4_quer_RZ.pdf-300x213.png 300w, https:\/\/schule-am-eichtalpark.hamburg.de\/wp-content\/uploads\/sites\/171\/2025\/07\/Screenshot-2025-07-08-at-21-40-26-250627_DT_OnePager_A4_quer_RZ.pdf-1024x725.png 1024w, https:\/\/schule-am-eichtalpark.hamburg.de\/wp-content\/uploads\/sites\/171\/2025\/07\/Screenshot-2025-07-08-at-21-40-26-250627_DT_OnePager_A4_quer_RZ.pdf-768x544.png 768w, https:\/\/schule-am-eichtalpark.hamburg.de\/wp-content\/uploads\/sites\/171\/2025\/07\/Screenshot-2025-07-08-at-21-40-26-250627_DT_OnePager_A4_quer_RZ.pdf.png 1231w\" sizes=\"auto, (max-width: 490px) 100vw, 490px\" \/><\/a><\/strong><\/p>\n<p>&nbsp;<\/p>\n<p><strong>STADTRADELN VOM 13. Juni bis 3. Juli 2025 <\/strong><\/p>\n<p>21 Tage CO2 sparen!<\/p>\n<p>Melde dich unter folgendem Link zu unserem Team &#8222;Tour de Eichtalpark 3.0&#8220; an:<\/p>\n<p>https:\/\/www.stadtradeln.de\/index.php?id=171&#038;L=0&#038;team_preselect=59581<\/p>\n<p><strong>Warum?<\/strong><br \/>\n&#8222;Tritt 21 Tage mit deinem Team [&#8230;] in die Pedale und f\u00f6rdert gemeinsam Radverkehr, Klimaschutz und Lebensqualit\u00e4t. Jeder Kilometer z\u00e4hlt \u2013 sei dabei und mach den Unterschied! [&#8230;] Weniger Abgase, weniger L\u00e4rm, weniger Stau: mit STADTRADELN bist du klimafreundlich mobil, verbesserst vor Ort die Lebensqualit\u00e4t und h\u00e4ltst dich ganz nebenbei noch fit.&#8220; (Stadtradeln Homepage).<\/p>\n<p>&nbsp;<\/p>\n<p><a href=\"https:\/\/schule-am-eichtalpark.hamburg.de\/wp-content\/uploads\/sites\/171\/2024\/11\/IMG_4804-scaled.jpeg\" data-rel=\"lightbox\" data-rl_title=\"\" data-rl_caption=\"\" title=\"\"><img loading=\"lazy\" decoding=\"async\" class=\"alignnone wp-image-2920 size-large\" src=\"https:\/\/schule-am-eichtalpark.hamburg.de\/wp-content\/uploads\/sites\/171\/2024\/11\/IMG_4804-scaled-e1731789068888-1024x699.jpeg\" alt=\"\" width=\"660\" height=\"451\" srcset=\"https:\/\/schule-am-eichtalpark.hamburg.de\/wp-content\/uploads\/sites\/171\/2024\/11\/IMG_4804-scaled-e1731789068888-1024x699.jpeg 1024w, https:\/\/schule-am-eichtalpark.hamburg.de\/wp-content\/uploads\/sites\/171\/2024\/11\/IMG_4804-scaled-e1731789068888-300x205.jpeg 300w, https:\/\/schule-am-eichtalpark.hamburg.de\/wp-content\/uploads\/sites\/171\/2024\/11\/IMG_4804-scaled-e1731789068888-768x525.jpeg 768w, https:\/\/schule-am-eichtalpark.hamburg.de\/wp-content\/uploads\/sites\/171\/2024\/11\/IMG_4804-scaled-e1731789068888-1536x1049.jpeg 1536w, https:\/\/schule-am-eichtalpark.hamburg.de\/wp-content\/uploads\/sites\/171\/2024\/11\/IMG_4804-scaled-e1731789068888-2048x1399.jpeg 2048w\" sizes=\"auto, (max-width: 660px) 100vw, 660px\" \/><\/a><\/p>\n<p>&nbsp;<\/p>\n<p><strong>Wir sind nun auch auf Instagram! <\/strong><\/p>\n<p><strong>Besuchen Sie uns gerne auf unserem Account!<\/strong><\/p>\n<p><a href=\"https:\/\/schule-am-eichtalpark.hamburg.de\/wp-content\/uploads\/sites\/171\/2023\/11\/Screenshot_20231129_105603_Instagram.jpg\" data-rel=\"lightbox\" data-rl_title=\"\" data-rl_caption=\"\" title=\"\"><img loading=\"lazy\" decoding=\"async\" class=\"alignnone size-full wp-image-2636\" src=\"https:\/\/schule-am-eichtalpark.hamburg.de\/wp-content\/uploads\/sites\/171\/2023\/11\/Screenshot_20231129_105603_Instagram.jpg\" alt=\"\" width=\"884\" height=\"889\" srcset=\"https:\/\/schule-am-eichtalpark.hamburg.de\/wp-content\/uploads\/sites\/171\/2023\/11\/Screenshot_20231129_105603_Instagram.jpg 884w, https:\/\/schule-am-eichtalpark.hamburg.de\/wp-content\/uploads\/sites\/171\/2023\/11\/Screenshot_20231129_105603_Instagram-298x300.jpg 298w, https:\/\/schule-am-eichtalpark.hamburg.de\/wp-content\/uploads\/sites\/171\/2023\/11\/Screenshot_20231129_105603_Instagram-150x150.jpg 150w, https:\/\/schule-am-eichtalpark.hamburg.de\/wp-content\/uploads\/sites\/171\/2023\/11\/Screenshot_20231129_105603_Instagram-768x772.jpg 768w\" sizes=\"auto, (max-width: 884px) 100vw, 884px\" \/><\/a><\/p>\n<p>&nbsp;<\/p>\n","protected":false},"excerpt":{"rendered":"<p>&nbsp; Anmeldung Ganztag Schuljahr 2026\/2027 Der Weg zum kostenlosen hvv Deutschlandticket f\u00fcr Sch\u00fclerinnen und Sch\u00fcler. Wichtig zu wissen: \u26ab Das Kind ist mind. 6 Jahre alt und wohnt in Hamburg. \u26ab Eltern bestellen f\u00fcr ihr Kind. \u26ab Die Bestellung ist nur online m\u00f6glich. \u26ab Das Ticket gibt es ausschlie\u00dflich auf der hvv Chipkarte. \u26ab Tipp: &hellip; <a href=\"https:\/\/schule-am-eichtalpark.hamburg.de\/?page_id=2275\" class=\"more-link\"><span class=\"screen-reader-text\">Aktuelle Informationen<\/span> weiterlesen<\/a><\/p>\n","protected":false},"author":1536,"featured_media":0,"parent":0,"menu_order":0,"comment_status":"closed","ping_status":"closed","template":"","meta":{"_acf_changed":false,"footnotes":""},"class_list":["post-2275","page","type-page","status-publish","hentry"],"acf":[],"_links":{"self":[{"href":"https:\/\/schule-am-eichtalpark.hamburg.de\/index.php?rest_route=\/wp\/v2\/pages\/2275","targetHints":{"allow":["GET"]}}],"collection":[{"href":"https:\/\/schule-am-eichtalpark.hamburg.de\/index.php?rest_route=\/wp\/v2\/pages"}],"about":[{"href":"https:\/\/schule-am-eichtalpark.hamburg.de\/index.php?rest_route=\/wp\/v2\/types\/page"}],"author":[{"embeddable":true,"href":"https:\/\/schule-am-eichtalpark.hamburg.de\/index.php?rest_route=\/wp\/v2\/users\/1536"}],"replies":[{"embeddable":true,"href":"https:\/\/schule-am-eichtalpark.hamburg.de\/index.php?rest_route=%2Fwp%2Fv2%2Fcomments&post=2275"}],"version-history":[{"count":54,"href":"https:\/\/schule-am-eichtalpark.hamburg.de\/index.php?rest_route=\/wp\/v2\/pages\/2275\/revisions"}],"predecessor-version":[{"id":3386,"href":"https:\/\/schule-am-eichtalpark.hamburg.de\/index.php?rest_route=\/wp\/v2\/pages\/2275\/revisions\/3386"}],"wp:attachment":[{"href":"https:\/\/schule-am-eichtalpark.hamburg.de\/index.php?rest_route=%2Fwp%2Fv2%2Fmedia&parent=2275"}],"curies":[{"name":"wp","href":"https:\/\/api.w.org\/{rel}","templated":true}]}}